 ((-5)/20)/(2/(-40)). Let k(l) = 10 + 11 - 5 - 2*l. Let u(s) = -s + 8. Let c(g) = -6*k(g) + 11*u(g). What is c(v)?
-3
Let k be 2*(2/2 + 1). Suppose 3*d - 6*o + 7 = -2*o, -k*d + 3*o = 0. Let b(g) = -g - 3. Determine b(d).
-6
Let f(o) be the third derivative of -o**6/120 - 7*o**5/60 - o**4/24 - o**3/3 - 23*o**2. What is f(-7)?
5
Let y(h) be the third derivative of -h**5/60 + 5*h**4/24 + h**3/3 - 3*h**2. What is y(5)?
2
Let o(q) = -q**3 - 5. Let h be 4 - 1 - (-1 + 4). Give o(h).
-5
Let y(k) = -1 + 0*k**3 + 3*k**2 - k**3 + 3*k + 0*k**3 - k. Determine y(3).
5
Let u(w) be the third derivative of 0 + 3/40*w**6 - 1/6*w**3 + 0*w - w**2 + 1/60*w**5 - 1/24*w**4. Determine u(-1).
-8
Let h(c) = -c**2 - c + 2. Let i be 1/3 + (-1)/3. Let x be 2 - i - (-1 - -1). What is h(x)?
-4
Let g(r) be the second derivative of r**5/20 - r**4/12 + 3*r**2 - r. Let v be ((-12)/4 - 8)*-2. Let y = 22 - v. What is g(y)?
6
Let f = -63 - -62. Let a(b) = -7*b. Determine a(f).
7
Let d(k) = -3*k**2 + 7*k + 0*k**3 - 1 - 2*k**2 + k**3 - k. Calculate d(4).
7
Let a = 6 + -5. Suppose -3*s = -5 - a. Let l(d) = 0*d - 3 + s + d. Determine l(3).
2
Let x(h) = -h + 1. Let n be (-1)/(15/6)*-10. Give x(n).
-3
Let x(i) be the third derivative of 0*i + 1/120*i**6 + 0 - 1/60*i**5 + 0*i**4 - 5/3*i**3 + 2*i**2. Calculate x(0).
-10
Suppose -2*o - 4*x + 12 = -0*o, x = -1. Let p = -3 + o. Suppose -a + u + 7 = 2*u, 0 = -p*a - u + 19. Let j(d) = -d**3 + 2*d**2 - d + 3. Determine j(a).
-9
Suppose 1 - 4 = -z. Suppose 0 = 4*g + i - 7, -i = -z*g - 2*i + 4. Suppose 13 = g*h + o - 3*o, -21 = -4*h - o. Let s(k) = k - 2. Give s(h).
3
Suppose -115 = -4*w + 3*l, -2*w - 4*l = -13 - 39. Let u be 1/(-4) - 105/w. Let i(h) be the first derivative of h**2/2 - 3*h + 2. Calculate i(u).
-7
Let a(d) be the third derivative of -d**5/120 - d**4/6 + d**3/6 + d**2. Let x(l) be the first derivative of a(l). Let f = 58 - 62. Calculate x(f).
0
Let y(j) = -j**3 + j**2 + j + 1. Let x be 0 + 0 + 0/(-3). Calculate y(x).
1
Let w(i) be the first derivative of -i**5/60 + 3*i**4/8 - 3*i**3/2 + 4*i**2 + 5. Let c(g) be the second derivative of w(g). What is c(7)?
5
Suppose 2*z = 2*c - 6, -2 = -5*z - 3*c - 33. Let q(p) = p + 5. Give q(z).
0
Let h = 15 - 12. Let l(n) = n - 2. Determine l(h).
1
Let w(r) = -3*r - 5. Let o(y) = 6*y + 9. Let j(z) = 3*o(z) + 7*w(z). What is j(-6)?
10
Let h(o) = -1 - 7*o + 2*o - 5*o**2 - o**3 - 5 - o**2. Determine h(-5).
-6
Let l(h) = h**3 - 8*h**2 + 6*h + 1. Let r(i) = 2*i**3 - 17*i**2 + 13*i + 2. Let z(g) = -7*l(g) + 3*r(g). Let y be (-4)/3*21/(-7). Calculate z(y).
3
Let c(v) = 4 + 0*v**2 - 3*v**2 + 2*v**2. Let t be c(0). Let z(d) = -3*d + t*d - 1 + 3. Give z(-5).
-3
Let q(a) = -9*a**2 - a**2 - a + 7*a**2 - 1. What is q(-1)?
-3
Let r(o) = -8*o**3 - 8*o**2 + 2*o - 20. Let b(p) = 3*p**3 + 3*p**2 - p + 7. Let d(v) = -11*b(v) - 4*r(v). What is d(-3)?
12
Let p(w) = -w**2 - 5*w. Let j = -22 - -17. What is p(j)?
0
Let i(j) be the third derivative of -j**5/60 - j**4/12 + j**3/3 - 9*j**2. What is i(-5)?
-13
Let b(v) be the third derivative of 3*v**4/8 + v**3/6 - v**2. Suppose 4*x = 5 + 15. Let n = x + -6. Determine b(n).
-8
Let r(b) = b - 3. Let j(h) = -6*h + 17. Let p(y) = 6*j(y) + 34*r(y). Calculate p(3).
-6
Let h(g) be the first derivative of -17*g**3/3 - g - 43. Give h(-1).
-18
Let h(a) = -4*a**2 - a + 2*a**2 + a**2 - 8*a - 8. Determine h(-6).
10
Let r(l) = 3*l. Let t(d) = 6*d. Let a(u) = -11*r(u) + 6*t(u). Give a(1).
3
Suppose 28 = -50*u + 54*u. Let v(d) = d**2 - 6*d - 8. What is v(u)?
-1
Let n(b) = 5*b - 1. Suppose 4*d + 3*i + 3 = 0, -i + 10 = -3*i. Let j = -4 + d. What is n(j)?
-6
Let d(q) be the first derivative of q**4/4 + q**3/3 + 3*q**2/2 + 2*q + 15. What is d(-2)?
-8
Let l(m) = m + 4. Let c = 64 - 68. Give l(c).
0
Let n(s) = -s**2 + 3*s + 1. Let g(d) = d**2 + 11*d + 15. Let w be g(-9). Let b be (-7)/((-2 - 0) + 3). Let y = w - b. What is n(y)?
-3
Let r(t) = -t**2 - t - 1. Let u(f) = -2*f**2 - 11*f - 3. Let k(v) = 3*r(v) - u(v). Determine k(6).
12
Let q(j) = -j**2 - 5*j + 4. Suppose -75 = 2*k - 5*k. Suppose f = -4*f - k. Calculate q(f).
4
Let q(g) = -g**3 + 7*g**2 - 8*g + 8. Let k(o) = -o - 14. Let v be k(-20). Calculate q(v).
-4
Let k(i) = i**3 + 2*i**2 - 2*i + 4. Let r be k(-3). Suppose -4 = -l - r. Suppose 2 - 8 = l*z. Let b(o) = 2*o**2 + 3*o + 2. Give b(z).
4
Let t(d) = -d**2 + 4*d - 7. Suppose 12 = 5*y - 13. Let l(b) = -b**2 + 5*b - 8. Let j(s) = y*t(s) - 4*l(s). Give j(0).
-3
Let z(w) be the third derivative of -w**5/60 - w**4/8 - w**3/6 + w**2. Let r be -3 - (-3 + 4)*-1. What is z(r)?
1
Let k be 2 + (-2 + 3)*16. Let r be (-4)/(-10) + k/5. Let g(t) = -3 + r + 6*t + 5 + t**2. Calculate g(-5).
1
Let c(f) = -3*f**2 - 9*f. Let i(k) = -4*k**2 - 9*k + 1. Let g(z) = 5*c(z) - 4*i(z). What is g(9)?
-4
Let n(a) = -a**3 + 7*a**2 - 7*a + 5. Suppose c = 14 + 58. Suppose -q + c = 4*j, -2*q = -2*j + 3*q + 36. Let s be 4/j - (-52)/9. Give n(s).
-1
Let s be (0 + (-4)/10)*5. Let o(l) = 3*l**2 + l + 1. Let v be o(-1). Let x(g) = -2*g + 1 + g**v - g + g**2 + 2*g. What is x(s)?
-1
Let w(r) = -r**3 + 6*r**2 - 2*r + 5. Suppose 3*a + 4*j = -19 + 53, 0 = 2*a - 3*j. Determine w(a).
-7
Let w(l) = -2*l**2 + 2*l - 1. Suppose 0 = -5*r - 0*r + 15. Let h(o) = o**2 - o + 1. Let a(f) = r*w(f) + 4*h(f). Give a(-1).
-3
Let z(f) = 5*f + 9*f - 19*f - 2*f**2 - 2. Give z(-3).
-5
Let j(y) = 5*y**3 + 5*y**2 + 6*y - 8. Let q(p) = 14*p**3 + 16*p**2 + 18*p - 23. Let z(l) = -11*j(l) + 4*q(l). Determine z(-8).
12
Let u(g) = 3*g**2. Suppose -7*y + 2*y = 20. Let c be 2/y + 3/(-6). What is u(c)?
3
Let y(k) = -k**3 - 5*k**2 - k + 2. Let o = -5 - 2. Let h(u) = -u**2 - 7*u - 4. Let i be h(o). Give y(i).
-10
Let n(d) = 7*d - 6. Let r(x) = 22*x - 17. Let y(h) = 8*n(h) - 3*r(h). Calculate y(2).
-17
Let q(w) = 3*w - 5. Suppose 5*b - 38 - 62 = 5*j, 5*j = -5*b - 80. Let y = -4 - j. Suppose 2*a + 4 = y. Calculate q(a).
10
Let f(l) = -2*l**2 - 9*l + 2. Let g(j) = j - 1. Let c(b) = f(b) + 5*g(b). Calculate c(-2).
-3
Let i(g) = -3*g + 1 - g - 3. Let n(j) = -j - 5. Let a be n(-11). Let t be (a/12)/((-2)/12). Calculate i(t).
10
Let w(o) = -o**2 + 8*o - 6. Let q(y) = 2*y**3 - y**2 - 2*y. Suppose 4*n - f - 16 = -3*f, -2*n = 3*f - 16. Let u be q(n). Let a be 22/4 - 4/u. What is w(a)?
9
Let n(l) = 3*l**2 + 17*l - 3. Let d(s) = -2*s**2 - 11*s + 2. Let g(a) = -8*d(a) - 5*n(a). Determine g(-3).
-1
Let j(a) be the third derivative of -a**6/120 + 4*a**3/3 + 4*a**2. Calculate j(0).
8
Let b(u) = -10*u + 1. Let s(o) = -29*o + 3. Let n(l) = 7*b(l) - 2*s(l). Give n(1).
-11
Let q(f) be the first derivative of f**4/4 + f**3/3 + 5*f**2/2 - 12*f - 4. Let n(d) = 3*d**3 + 2*d**2 + 15*d - 35. Let a(k) = -6*n(k) + 17*q(k). Calculate a(4).
2
Suppose -1 = 3*f + 5. Let b be (f - -1)*(-2 + 3). Let i(v) = 2*v + 5*v + 6 - 5. Determine i(b).
-6
Let q(r) = r**2 - 1. Suppose 0 = -0*y + 5*y - 10. Suppose -y*h + 1 = m + 2*m, 4*h = -4*m - 4. Calculate q(m).
8
Let g(t) = t**3 + 5*t**2 + 8*t + 10. Let f be g(-4). Let u(n) = -2*n - 4. Determine u(f).
8
Suppose -h + 1 = -2. Let n(w) be the second derivative of -w**4/12 - w**3/3 + 2*w**2 - 14*w + 2. Give n(h).
-11
Let h = -33 - -28. Let j be 1/(-3) + 2/6. Let p(m) = j + 6*m + 3*m**2 - 2*m**2 + 5. Determine p(h).
0
Let q be 250/20*4/10. Let o(i) = -i**3 + 6*i**2 - 6*i - 2. Calculate o(q).
-7
Let a(x) = 7 - 5*x**2 - x + 4*x + 6*x**2 + 5*x. Calculate a(-6).
-5
Let f(u) = -u**3 + 6*u**2 - 4*u - 2. Let w = -5 - -9. What is f(w)?
14
Let o(s) = s**2 + 10*s + 8. Let z be (-20)/((-1)/(-1))*1/2. What is o(z)?
8
Let b be 4/(-6) + (-34)/(-6). Suppose 5 = -b*d, -2*z = -0*z + 5*d - 5. Let u(r) = r**3 - 6*r**2 + 2*r + 2. Calculate u(z).
-13
Let c(i) = -4*i**2 + i + 2. Let o(g) = 9*g**2 - 2*g - 4. Let m(r) = -7*c(r) - 3*o(r). Determine m(2).
0
Let l(p) = 4*p**3 - 2*p**3 - 2*p**3 + 5*p**3 + 1 - p**2. What is l(1)?
5
Let a(c) = 4*c**2 - 22*c**3 - 5*c + 30*c**3 - 9*c**3 + 6. Give a(4).
-14
Let s(b) = -b**2 - 4*b - 1. Let w be s(-3). Let k(m) = -3 + 12*m**3 - m + 6*m**w - 13*m**3 - 4. Give k(6).
-13
Let o(y) = -y + 1. Let z(a) = -6*a + 6. Suppose -5*x - 2 = -12. Let w be -6 + 2/(4/x). Let b(d) = w*o(d) + z(d). Calculate b(5).
-4
Let y(m) = m**2 + 3*m + 2. Let p(x) = -x**3 - x**2 - 4. Let f be p(0). Determine y(f).
6
Suppose o + 12 = -3*o. Let m(u) = -6*u + 6. Let p(d) = -